{"id":786,"date":"2016-05-30T23:44:31","date_gmt":"2016-05-30T21:44:31","guid":{"rendered":"http:\/\/trefall.com\/blog\/?page_id=786"},"modified":"2020-04-28T22:44:15","modified_gmt":"2020-04-28T20:44:15","slug":"fjellturar","status":"publish","type":"page","link":"https:\/\/www.trefall.com\/blog\/nn\/fjellturar\/","title":{"rendered":"Fjellturar"},"content":{"rendered":"\n<div class=\"wp-block-image\"><figure class=\"alignleft is-resized\"><img loading=\"lazy\" decoding=\"async\" src=\"\/wordpress\/wp-content\/uploads\/2019\/11\/IMG_0182.png\" alt=\"\" class=\"wp-image-3172\" width=\"227\" height=\"143\" srcset=\"https:\/\/www.trefall.com\/wordpress\/wp-content\/uploads\/2019\/11\/IMG_0182.png 945w, https:\/\/www.trefall.com\/wordpress\/wp-content\/uploads\/2019\/11\/IMG_0182-300x189.png 300w, https:\/\/www.trefall.com\/wordpress\/wp-content\/uploads\/2019\/11\/IMG_0182-768x484.png 768w, https:\/\/www.trefall.com\/wordpress\/wp-content\/uploads\/2019\/11\/IMG_0182-500x315.png 500w, https:\/\/www.trefall.com\/wordpress\/wp-content\/uploads\/2019\/11\/IMG_0182-800x504.png 800w\" sizes=\"(max-width: 227px) 85vw, 227px\" \/><\/figure><\/div>\n\n\n\n<p>Flotte turar i Eksingedalen, St\u00f8lsheimen, og nabodalf\u00f8ra Teigdalen og Modalen.<\/p>\n\n\n\n<p>KJEM! S\u00e5 langt finns berre dei gamle sidene <a href=\"\/andre_stadar\">Andre stadar og turar<\/a>, <a href=\"\/trefallstolen\">Trefallst\u00f8len<\/a> og <a href=\"\/andre_stolar\">Andre st\u00f8lar<\/a>.<\/p>\n","protected":false},"excerpt":{"rendered":"<p>Flotte turar i Eksingedalen, St\u00f8lsheimen, og nabodalf\u00f8ra Teigdalen og Modalen. KJEM! S\u00e5 langt finns berre dei gamle sidene Andre stadar og turar, Trefallst\u00f8len og Andre st\u00f8lar.<\/p>\n","protected":false},"author":1,"featured_media":0,"parent":0,"menu_order":0,"comment_status":"closed","ping_status":"closed","template":"","meta":{"_uag_custom_page_level_css":"","advgb_blocks_editor_width":"","advgb_blocks_columns_visual_guide":"","jetpack_post_was_ever_published":false,"footnotes":""},"featured_image_urls_v2":{"full":"","thumbnail":"","medium":"","medium_large":"","large":"","1536x1536":"","2048x2048":"","post-thumbnail":"","awb_sm":"","awb_md":"","awb_lg":"","awb_xl":""},"post_excerpt_stackable_v2":"<p>Flotte turar i Eksingedalen, St\u00f8lsheimen, og nabodalf\u00f8ra Teigdalen og Modalen. KJEM! S\u00e5 langt finns berre dei gamle sidene Andre stadar og turar, Trefallst\u00f8len og Andre st\u00f8lar.<\/p>\n","category_list_v2":"","author_info_v2":{"name":"kaare","url":"https:\/\/www.trefall.com\/blog\/author\/kaare\/"},"comments_num_v2":"0 comments","featured_image_src":null,"pbg_featured_image_src":{"full":false,"thumbnail":false,"medium":false,"medium_large":false,"large":false,"1536x1536":false,"2048x2048":false,"post-thumbnail":false,"awb_sm":false,"awb_md":false,"awb_lg":false,"awb_xl":false},"pbg_author_info":{"display_name":"kaare","author_link":"https:\/\/www.trefall.com\/blog\/author\/kaare\/","author_img":false},"pbg_comment_info":" No Comments","pbg_excerpt":"Flotte turar i Eksingedalen, St\u00f8lsheimen, og nabodalf\u00f8ra Teigdalen og Modalen. KJEM! S\u00e5 langt finns berre dei gamle sidene Andre stadar og turar, Trefallst\u00f8len og Andre st\u00f8lar.","uagb_featured_image_src":{"full":false,"thumbnail":false,"medium":false,"medium_large":false,"large":false,"1536x1536":false,"2048x2048":false,"post-thumbnail":false,"awb_sm":false,"awb_md":false,"awb_lg":false,"awb_xl":false},"uagb_author_info":{"display_name":"kaare","author_link":"https:\/\/www.trefall.com\/blog\/author\/kaare\/"},"uagb_comment_info":0,"uagb_excerpt":"Flotte turar i Eksingedalen, St\u00f8lsheimen, og nabodalf\u00f8ra Teigdalen og Modalen. KJEM! S\u00e5 langt finns berre dei gamle sidene Andre stadar og turar, Trefallst\u00f8len og Andre st\u00f8lar.","coauthors":[],"author_meta":{"author_link":"https:\/\/www.trefall.com\/blog\/author\/kaare\/","display_name":"kaare"},"relative_dates":{"created":"Posted 10 \u00e5r ago","modified":"Updated 6 \u00e5r ago"},"absolute_dates":{"created":"Posted on 30. mai 2016","modified":"Updated on 28. april 2020"},"absolute_dates_time":{"created":"Posted on 30. mai 2016 23:44","modified":"Updated on 28. april 2020 22:44"},"featured_img_caption":"","featured_img":false,"series_order":"","jetpack_sharing_enabled":true,"jetpack_shortlink":"https:\/\/wp.me\/P7ql8K-cG","_links":{"self":[{"href":"https:\/\/www.trefall.com\/blog\/wp-json\/wp\/v2\/pages\/786"}],"collection":[{"href":"https:\/\/www.trefall.com\/blog\/wp-json\/wp\/v2\/pages"}],"about":[{"href":"https:\/\/www.trefall.com\/blog\/wp-json\/wp\/v2\/types\/page"}],"author":[{"embeddable":true,"href":"https:\/\/www.trefall.com\/blog\/wp-json\/wp\/v2\/users\/1"}],"replies":[{"embeddable":true,"href":"https:\/\/www.trefall.com\/blog\/wp-json\/wp\/v2\/comments?post=786"}],"version-history":[{"count":0,"href":"https:\/\/www.trefall.com\/blog\/wp-json\/wp\/v2\/pages\/786\/revisions"}],"wp:attachment":[{"href":"https:\/\/www.trefall.com\/blog\/wp-json\/wp\/v2\/media?parent=786"}],"curies":[{"name":"wp","href":"https:\/\/api.w.org\/{rel}","templated":true}]}}