{"id":4125,"date":"2024-03-03T16:35:24","date_gmt":"2024-03-03T15:35:24","guid":{"rendered":"https:\/\/www.trefall.com\/blog\/?page_id=4125"},"modified":"2024-04-05T15:45:08","modified_gmt":"2024-04-05T13:45:08","slug":"historiar-fra-eksingedalen","status":"publish","type":"page","link":"https:\/\/www.trefall.com\/blog\/nn\/historie\/historiar-fra-eksingedalen\/","title":{"rendered":"Historiar fr\u00e5 Eksingedalen"},"content":{"rendered":"\n<p><em>Faksimile fr\u00e5 Bergens Tidende 3. mars 1918<\/em><\/p>\n\n\n\n<p><strong>Ei samleside for historiar fr\u00e5 eldre tid i Eksingedalen.<\/strong><\/p>\n\n\n<ul class=\"lcp_catlist\" id=\"lcp_instance_0\"><li><a href=\"https:\/\/www.trefall.com\/blog\/nn\/eksingedalen-anno-1887\/\">Eksingedalen anno 1887<\/a><\/li><li><a href=\"https:\/\/www.trefall.com\/blog\/nn\/i-hordaland-i-en-snever-dal\/\">I Hordaland i en snever dal<\/a><\/li><li><a href=\"https:\/\/www.trefall.com\/blog\/nn\/bonebrev-om-veg\/\">B\u00f8nebrev om veg i \u00f8vre Eksingedalen<\/a><\/li><li><a href=\"https:\/\/www.trefall.com\/blog\/nn\/ekisingedalen-1918\/\">Ekisingedalen 1918<\/a><\/li><\/ul>\n","protected":false},"excerpt":{"rendered":"<p>Faksimile fr\u00e5 Bergens Tidende 3. mars 1918 Ei samleside for historiar fr\u00e5 eldre tid i Eksingedalen.<\/p>\n","protected":false},"author":1,"featured_media":4134,"parent":1129,"menu_order":0,"comment_status":"closed","ping_status":"closed","template":"","meta":{"_uag_custom_page_level_css":"","advgb_blocks_editor_width":"","advgb_blocks_columns_visual_guide":"","jetpack_post_was_ever_published":false,"footnotes":""},"featured_image_urls_v2":{"full":["https:\/\/www.trefall.com\/wordpress\/wp-content\/uploads\/2024\/03\/1918_overste.jpg",1999,1211,false],"thumbnail":["https:\/\/www.trefall.com\/wordpress\/wp-content\/uploads\/2024\/03\/1918_overste-150x150.jpg",150,150,true],"medium":["https:\/\/www.trefall.com\/wordpress\/wp-content\/uploads\/2024\/03\/1918_overste-300x182.jpg",300,182,true],"medium_large":["https:\/\/www.trefall.com\/wordpress\/wp-content\/uploads\/2024\/03\/1918_overste-768x465.jpg",768,465,true],"large":["https:\/\/www.trefall.com\/wordpress\/wp-content\/uploads\/2024\/03\/1918_overste-1024x620.jpg",840,509,true],"1536x1536":["https:\/\/www.trefall.com\/wordpress\/wp-content\/uploads\/2024\/03\/1918_overste-1536x931.jpg",1536,931,true],"2048x2048":["https:\/\/www.trefall.com\/wordpress\/wp-content\/uploads\/2024\/03\/1918_overste.jpg",1999,1211,false],"post-thumbnail":["https:\/\/www.trefall.com\/wordpress\/wp-content\/uploads\/2024\/03\/1918_overste-1200x727.jpg",1200,727,true],"awb_sm":["https:\/\/www.trefall.com\/wordpress\/wp-content\/uploads\/2024\/03\/1918_overste-500x303.jpg",500,303,true],"awb_md":["https:\/\/www.trefall.com\/wordpress\/wp-content\/uploads\/2024\/03\/1918_overste-800x485.jpg",800,485,true],"awb_lg":["https:\/\/www.trefall.com\/wordpress\/wp-content\/uploads\/2024\/03\/1918_overste-1280x775.jpg",1280,775,true],"awb_xl":["https:\/\/www.trefall.com\/wordpress\/wp-content\/uploads\/2024\/03\/1918_overste-1920x1163.jpg",1920,1163,true]},"post_excerpt_stackable_v2":"<p>Faksimile fr\u00e5 Bergens Tidende 3. mars 1918 Ei samleside for historiar fr\u00e5 eldre tid i Eksingedalen. Eksingedalen anno 1887I Hordaland i en snever dalB\u00f8nebrev om veg i \u00f8vre EksingedalenEkisingedalen 1918<\/p>\n","category_list_v2":"","author_info_v2":{"name":"kaare","url":"https:\/\/www.trefall.com\/blog\/author\/kaare\/"},"comments_num_v2":"0 comments","featured_image_src":"https:\/\/www.trefall.com\/wordpress\/wp-content\/uploads\/2024\/03\/1918_overste.jpg","pbg_featured_image_src":{"full":["https:\/\/www.trefall.com\/wordpress\/wp-content\/uploads\/2024\/03\/1918_overste.jpg",1999,1211,false],"thumbnail":["https:\/\/www.trefall.com\/wordpress\/wp-content\/uploads\/2024\/03\/1918_overste-150x150.jpg",150,150,true],"medium":["https:\/\/www.trefall.com\/wordpress\/wp-content\/uploads\/2024\/03\/1918_overste-300x182.jpg",300,182,true],"medium_large":["https:\/\/www.trefall.com\/wordpress\/wp-content\/uploads\/2024\/03\/1918_overste-768x465.jpg",768,465,true],"large":["https:\/\/www.trefall.com\/wordpress\/wp-content\/uploads\/2024\/03\/1918_overste-1024x620.jpg",840,509,true],"1536x1536":["https:\/\/www.trefall.com\/wordpress\/wp-content\/uploads\/2024\/03\/1918_overste-1536x931.jpg",1536,931,true],"2048x2048":["https:\/\/www.trefall.com\/wordpress\/wp-content\/uploads\/2024\/03\/1918_overste.jpg",1999,1211,false],"post-thumbnail":["https:\/\/www.trefall.com\/wordpress\/wp-content\/uploads\/2024\/03\/1918_overste-1200x727.jpg",1200,727,true],"awb_sm":["https:\/\/www.trefall.com\/wordpress\/wp-content\/uploads\/2024\/03\/1918_overste-500x303.jpg",500,303,true],"awb_md":["https:\/\/www.trefall.com\/wordpress\/wp-content\/uploads\/2024\/03\/1918_overste-800x485.jpg",800,485,true],"awb_lg":["https:\/\/www.trefall.com\/wordpress\/wp-content\/uploads\/2024\/03\/1918_overste-1280x775.jpg",1280,775,true],"awb_xl":["https:\/\/www.trefall.com\/wordpress\/wp-content\/uploads\/2024\/03\/1918_overste-1920x1163.jpg",1920,1163,true]},"pbg_author_info":{"display_name":"kaare","author_link":"https:\/\/www.trefall.com\/blog\/author\/kaare\/","author_img":false},"pbg_comment_info":" No Comments","pbg_excerpt":"Faksimile fr\u00e5 Bergens Tidende 3. mars 1918 Ei samleside for historiar fr\u00e5 eldre tid i Eksingedalen.","uagb_featured_image_src":{"full":["https:\/\/www.trefall.com\/wordpress\/wp-content\/uploads\/2024\/03\/1918_overste.jpg",1999,1211,false],"thumbnail":["https:\/\/www.trefall.com\/wordpress\/wp-content\/uploads\/2024\/03\/1918_overste-150x150.jpg",150,150,true],"medium":["https:\/\/www.trefall.com\/wordpress\/wp-content\/uploads\/2024\/03\/1918_overste-300x182.jpg",300,182,true],"medium_large":["https:\/\/www.trefall.com\/wordpress\/wp-content\/uploads\/2024\/03\/1918_overste-768x465.jpg",768,465,true],"large":["https:\/\/www.trefall.com\/wordpress\/wp-content\/uploads\/2024\/03\/1918_overste-1024x620.jpg",840,509,true],"1536x1536":["https:\/\/www.trefall.com\/wordpress\/wp-content\/uploads\/2024\/03\/1918_overste-1536x931.jpg",1536,931,true],"2048x2048":["https:\/\/www.trefall.com\/wordpress\/wp-content\/uploads\/2024\/03\/1918_overste.jpg",1999,1211,false],"post-thumbnail":["https:\/\/www.trefall.com\/wordpress\/wp-content\/uploads\/2024\/03\/1918_overste-1200x727.jpg",1200,727,true],"awb_sm":["https:\/\/www.trefall.com\/wordpress\/wp-content\/uploads\/2024\/03\/1918_overste-500x303.jpg",500,303,true],"awb_md":["https:\/\/www.trefall.com\/wordpress\/wp-content\/uploads\/2024\/03\/1918_overste-800x485.jpg",800,485,true],"awb_lg":["https:\/\/www.trefall.com\/wordpress\/wp-content\/uploads\/2024\/03\/1918_overste-1280x775.jpg",1280,775,true],"awb_xl":["https:\/\/www.trefall.com\/wordpress\/wp-content\/uploads\/2024\/03\/1918_overste-1920x1163.jpg",1920,1163,true]},"uagb_author_info":{"display_name":"kaare","author_link":"https:\/\/www.trefall.com\/blog\/author\/kaare\/"},"uagb_comment_info":0,"uagb_excerpt":"Faksimile fr\u00e5 Bergens Tidende 3. mars 1918 Ei samleside for historiar fr\u00e5 eldre tid i Eksingedalen.","coauthors":[],"author_meta":{"author_link":"https:\/\/www.trefall.com\/blog\/author\/kaare\/","display_name":"kaare"},"relative_dates":{"created":"Posted 2 \u00e5r ago","modified":"Updated 2 \u00e5r ago"},"absolute_dates":{"created":"Posted on 3. mars 2024","modified":"Updated on 5. april 2024"},"absolute_dates_time":{"created":"Posted on 3. mars 2024 16:35","modified":"Updated on 5. april 2024 15:45"},"featured_img_caption":"","featured_img":"https:\/\/www.trefall.com\/wordpress\/wp-content\/uploads\/2024\/03\/1918_overste-1200x727.jpg","series_order":"","jetpack_sharing_enabled":true,"jetpack_shortlink":"https:\/\/wp.me\/P7ql8K-14x","_links":{"self":[{"href":"https:\/\/www.trefall.com\/blog\/wp-json\/wp\/v2\/pages\/4125"}],"collection":[{"href":"https:\/\/www.trefall.com\/blog\/wp-json\/wp\/v2\/pages"}],"about":[{"href":"https:\/\/www.trefall.com\/blog\/wp-json\/wp\/v2\/types\/page"}],"author":[{"embeddable":true,"href":"https:\/\/www.trefall.com\/blog\/wp-json\/wp\/v2\/users\/1"}],"replies":[{"embeddable":true,"href":"https:\/\/www.trefall.com\/blog\/wp-json\/wp\/v2\/comments?post=4125"}],"version-history":[{"count":3,"href":"https:\/\/www.trefall.com\/blog\/wp-json\/wp\/v2\/pages\/4125\/revisions"}],"predecessor-version":[{"id":4408,"href":"https:\/\/www.trefall.com\/blog\/wp-json\/wp\/v2\/pages\/4125\/revisions\/4408"}],"up":[{"embeddable":true,"href":"https:\/\/www.trefall.com\/blog\/wp-json\/wp\/v2\/pages\/1129"}],"wp:featuredmedia":[{"embeddable":true,"href":"https:\/\/www.trefall.com\/blog\/wp-json\/wp\/v2\/media\/4134"}],"wp:attachment":[{"href":"https:\/\/www.trefall.com\/blog\/wp-json\/wp\/v2\/media?parent=4125"}],"curies":[{"name":"wp","href":"https:\/\/api.w.org\/{rel}","templated":true}]}}

Historiar frå Eksingedalen

<p><em>Faksimile frå Bergens Tidende 3. mars 1918</em></p>



<p><strong>Ei samleside for historiar frå eldre tid i Eksingedalen.</strong></p>


<ul class="lcp_catlist" id="lcp_instance_0"><li><a href="https://www.trefall.com/blog/nn/eksingedalen-anno-1887/">Eksingedalen anno 1887</a></li><li><a href="https://www.trefall.com/blog/nn/i-hordaland-i-en-snever-dal/">I Hordaland i en snever dal</a></li><li><a href="https://www.trefall.com/blog/nn/bonebrev-om-veg/">Bønebrev om veg i øvre Eksingedalen</a></li><li><a href="https://www.trefall.com/blog/nn/ekisingedalen-1918/">Ekisingedalen 1918</a></li></ul>

<p>Faksimile frå Bergens Tidende 3. mars 1918 Ei samleside for historiar frå eldre tid i Eksingedalen.</p>

<p>Faksimile frå Bergens Tidende 3. mars 1918 Ei samleside for historiar frå eldre tid i Eksingedalen. Eksingedalen anno 1887I Hordaland i en snever dalBønebrev om veg i øvre EksingedalenEkisingedalen 1918</p>

Faksimile frå Bergens Tidende 3. mars 1918 Ei samleside for historiar frå eldre tid i Eksingedalen.

Posted 2 år ago

Updated 2 år ago
